1 + 892. List the prime factors of l.
3, 7, 73
Let x(s) = 2*s + 17. Let h be 0 + (6 - 3) + 5. Let v be x(h). Let w = v + -7. List the prime factors of w.
2, 13
Suppose 2*a + 2*a = 84. Suppose 2*z - 3*q - 12 = q, 3*z = 5*q + a. List the prime factors of z/30 - 256/(-10).
2, 13
Suppose 9484 = 10*o - 926. List the prime factors of o.
3, 347
Let a be 90 - (2 - 0)/2. Let u = a - 58. List the prime factors of u.
31
Suppose 81*o = 2*o + 34365. List the prime factors of o.
3, 5, 29
Suppose -2*v = -7*v + 20. Suppose -177 + 617 = v*z. List the prime factors of z.
2, 5, 11
Let t(n) = -7*n**3 - n**2 + n. Let a be t(1). Let g(z) = -5*z**2 + 10*z - 8. Let f(j) = j**2 + 1. Let l(x) = -6*f(x) - g(x). What are the prime factors of l(a)?
23
Let o be ((-1)/(-2))/((-4)/(-8)) - -185. Suppose -k - k = -o. What are the prime factors of k?
3, 31
Let t(a) = 3*a**2 - 36*a - 51. What are the prime factors of t(-13)?
2, 3, 7, 11
What are the prime factors of (2/(10/135))/((-9)/(-198))?
2, 3, 11
Let g(t) be the second derivative of 0 + 1/3*t**3 + 3/2*t**2 + t. What are the prime factors of g(9)?
3, 7
Let v be 2 - 4 - (4 - 6). Suppose -2*i + a = i - 18, -2*i - 3*a + 1 = v. Suppose -i*r - 2*h = -93, 2*r = 5*r - 5*h - 31. List the prime factors of r.
17
List the prime factors of (84 - -5)*(1 - -1).
2, 89
Let b(d) = -6*d - 30. Let a be b(-6). What are the prime factors of (0 + a)*(-1903)/(-66)?
173
Let z = 131 - 133. What are the prime factors of (11/33)/(z/(-474))?
79
Let z = 9 - 2. Let a(y) = y**2 - z*y**3 + 3*y + 1 - 4*y**2 + 6*y**3. What are the prime factors of a(-4)?
5
Let u be ((-2)/(-4))/(3/(-60)). Let f = u - -10. Suppose f = -4*m - 32 + 140. List the prime factors of m.
3
Let z = 7 + -1. Suppose d + z = -2. List the prime factors of d/2*13/(-4).
13
Let x(l) = -365*l - 29. What are the prime factors of x(-4)?
3, 53
Suppose 2*b - 1119 - 161 = 0. List the prime factors of b.
2, 5
Suppose 0 = -45*h + 40409 + 45136. List the prime factors of h.
1901
Suppose 56*v - 47833 = 25*v. List the prime factors of v.
1543
Let q(r) = r**3 - 8*r**2 + 7*r + 17. Let g be q(7). Suppose -19*p + g*p = -24. List the prime factors of p.
2, 3
Let s = 79 - 69. List the prime factors of (-6)/s - (7 + 8688/(-30)).
2, 3, 47
What are the prime factors of (-5)/(1870/(-638462)) + (-2)/17?
3, 569
Let l(b) = 31*b**3 - b**2 - 4*b + 6. What are the prime factors of l(2)?
2, 11
Let u(x) = -3*x + 27. Suppose -5*h - 4*i = i - 35, 0 = 3*i + 3. List the prime factors of u(h).
3
Suppose 0 = -6*t - 54*t + 22380. List the prime factors of t.
373
Suppose 8*y = 3*y + 10. Suppose y*k + 2*u - 72 = 0, -k - 2*u = 2 - 38. Suppose 0*o = -3*o + k. List the prime factors of o.
2, 3
Suppose 9*x - 10*x = -30. Let y be (0 - 0)*(-3)/6. Suppose y*m = -m + x. List the prime factors of m.
2, 3, 5
Let l(i) = 8*i**2 - 3*i + 6. Let c(p) = 3*p - 13. Let y be c(6). Let d be l(y). Suppose 4*q - 3*n - 169 = 0, q + 4*q = -3*n + d. List the prime factors of q.
2, 5
Let f(r) = -4*r**2 + 14*r - 14. Let l(s) = -5*s**2 + 15*s - 15. Let b(y) = -4*f(y) + 3*l(y). Let k be b(10). What are the prime factors of (13 + -5)*(k - -2)?
2, 3
Suppose -1087 = 6*t - 6151. What are the prime factors of t?
2, 211
Suppose -7 = -4*b + m, 2*m = 3*b + 3*m. Suppose -t = -5 + b. Suppose 5*k = t*z + 3*k - 70, -2*z + 50 = 4*k. What are the prime factors of z?
19
Let t(n) = -2*n**3 + 7*n**2 - 7*n + 12. Let k(v) = 2*v**3 - 6*v**2 + 7*v - 11. Let f(h) = 7*k(h) + 6*t(h). What are the prime factors of f(3)?
2, 5, 7
Let m(g) = 32*g + 2. Let r be (3 - 12)*(-3)/(-9). Let x be r + 6/(-3) + 6. What are the prime factors of m(x)?
2, 17
Suppose -5628 + 17598 = 7*s. List the prime factors of s.
2, 3, 5, 19
Let j(r) = r**2 + 9*r - 9. List the prime factors of j(-14).
61
Let c be (-281 + 1)/(-4) - 0. Let v = -20 + c. What are the prime factors of v?
2, 5
Let g be (-67)/(-13) + 4/(-26). Suppose -g*q + 2 = -6*q. Let s = q + 8. What are the prime factors of s?
2, 3
Let g(x) = 26*x + 9. Let o be g(-5). Let a = o + 182. List the prime factors of a.
61
Suppose -v = -z - 1037, 4*v - 20*z - 4145 = -17*z. What are the prime factors of v?
2, 11, 47
Let s be (16/(-24))/(3/(-18)). Suppose s*d + 120 = 8*d. Let p = -9 + d. List the prime factors of p.
3, 7
Suppose 2*o + 2 = -u + 3*u, 2*u + 22 = -2*o. What are the prime factors of 1710/39 - 1 - o/39?
43
Suppose l = -4 - 9. Let o = l + 10. List the prime factors of o*1*(-50)/6.
5
Let d be 1*(5 - 0)*1. Let h(z) = z - 4. Let l be h(d). Suppose -l = -4*o + 95. What are the prime factors of o?
2, 3
List the prime factors of -5214*(28/(-182) - 20/39).
2, 11, 79
Suppose -17*g + 11*g = -5604. List the prime factors of g.
2, 467
Suppose 5*a + 2145 - 380 = -2*b, -b = 0. Let o = -198 - a. What are the prime factors of o?
5, 31
Suppose -2477 = -7*z + 1. What are the prime factors of z?
2, 3, 59
Suppose -2 - 5 = -7*o. What are the prime factors of ((-16)/(-4) - 8) + 228 + o?
3, 5
Suppose u - 30 = -2*u. Suppose -3*v - 56 - u = 0. Let l = 31 + v. List the prime factors of l.
3
Suppose 7*h + 734 - 6978 = 0. What are the prime factors of h?
2, 223
Let b = 10 - 13. Let k be -4 - (b/(-3) + 1). Let i = 22 + k. List the prime factors of i.
2
Suppose 4*y - 1836 = -2*a - 2*a, -3*a = 4*y - 1840. List the prime factors of y.
463
Suppose -16 = 3*c - 55. Let x = c + 2. Suppose 11 = a - 5*h, 2*a - x - 12 = 5*h. What are the prime factors of a?
2
Let s = -2789 + 6146. What are the prime factors of s?
3, 373
Let g be 12/(-15)*(-225)/10. What are the prime factors of 3/g + (-713)/(-6)?
7, 17
Let y(n) = n**2 + n - 2. Let g be y(2). What are the prime factors of -2*(2 + (-154)/g)?
73
Suppose 3*s - 32*u - 2053 = -31*u, -2*s = -3*u - 1371. List the prime factors of s.
2, 3, 19
Let n = -20 + 30. Let j(k) = 3*k + 16. Let w be j(n). Suppose d = s + w - 7, 2*d + 2*s - 66 = 0. What are the prime factors of d?
2, 3
Let n = -927 - -1953. What are the prime factors of n?
2, 3, 19
Let h(a) = 3*a - 5*a**2 + 9*a**2 - 2 + 0*a + 2*a. Let j be h(6). Suppose 0 = 3*v + p - 106, 7*v + 4*p = 2*v + j. What are the prime factors of v?
2, 3
List the prime factors of 4611/6 + 3/2.
2, 5, 7, 11
Suppose -5*q = 4*r - 11 - 2, 4*r - q - 7 = 0. Suppose -4*h + 76 = 4*z, 0*z + r*z = 2*h - 26. Let k = 13 + h. List the prime factors of k.
29
Let b be 0/(-3 + 4 + 0). Let c(n) = -n + 64. List the prime factors of c(b).
2
Suppose 0 = a - 3*a + w + 2138, 5*w = 3*a - 3193. List the prime factors of a.
3, 7, 17
Let f = 89 - -272. Suppose 17 + f = 9*a. List the prime factors of a.
2, 3, 7
Let g = -5298 + 9246. What are the prime factors of g?
2, 3, 7, 47
Let m be 2/(-8) + (-4)/(32/1366). Let k = -21 - m. List the prime factors of k.
2, 3, 5
Let q = 1283 - 698. List the prime factors of q.
3, 5, 13
Suppose -46 = -n - 10. Suppose w = n + 28. List the prime factors of w.
2
Let d(q) = 3*q - 2. Let w be (-6)/(-2)*(-8)/(-6). Suppose -9 = -w*z + 3. List the prime factors of d(z).
7
Let l(t) = -t**3 + 9*t**2 - 9*t + 2. Let i be l(8). Suppose -78 = 4*w - w. Let x = i - w. List the prime factors of x.
2, 5
Let t be (6 + -9)*(3 - 8). Suppose 3*w = t, -w - w - 90 = -4*o. What are the prime factors of o?
5
Let u(g) be the third derivative of -g**8/20160 + 7*g**6/240 - g**5/20 - 5*g**2. Let y(c) be the third derivative of u(c). List the prime factors of y(0).
3, 7
Let f be 101/3 - 4/6. Suppose 89 = 2*z + f. Let g = z + -11. What are the prime factors of g?
17
Let n = -56 - -66. Let a(l) = 5*l - 19. List the prime factors of a(n).
31
Suppose o + 3*r = 13 - 8, 0 = o + r - 3. Let g = o + 3. What are the prime factors of g?
5
Let b = -13 + 25. Let x(s) = 8*s**2 - 5*s + 3. Let p be x(1). Suppose 2*o - b = p*o, -29 = -c - o. What are the prime factors of c?
2
Suppose -16*v = -11*v + 5*r - 415, -235 = -3*v + 4*r. List the prime factors of v.
3
Let b = -79 - -159. Let a be ((-6)/(-10))/((-11)/(-55)). Suppose a*q - b = -q. List the prime factors of q.
2, 5
Suppose 159*w - 154*w = 340. List the prime factors of w.
2, 17
Let l(p) = 4*p**2 + 2*p - 10. Suppose -66*y + 70*y = -20. List the prime factors of l(y).
2, 5
Let m(s) = 8*s - s**2 - 8*s + 10 - 10*s. List the prime factors of m(-10).
2, 5
Let x be (-2)/5 - 259/(-35). Suppose x*j + h - 86 = 3*j, 0 = 4*h - 8. Let d = 5 + j. What are the prime factors of d?
2, 13
Suppose 5*v = 2*b + 5,